{"id":498,"date":"2017-02-09T11:07:45","date_gmt":"2017-02-09T14:07:45","guid":{"rendered":"http:\/\/mizuji.com.br\/fluir\/?page_id=498"},"modified":"2017-02-10T08:06:29","modified_gmt":"2017-02-10T11:06:29","slug":"eft-por-procuracao-elimina-o-vicio-do-cigarro","status":"publish","type":"page","link":"https:\/\/mizuji.com.br\/fluir\/especialista-em-dores-cronicas-relaciona-dores-e-emocoes-nao-resolvidas\/eft-por-procuracao-elimina-o-vicio-do-cigarro\/","title":{"rendered":"EFT por procura\u00e7\u00e3o elimina o v\u00edcio do cigarro"},"content":{"rendered":"<p>[easy-notify id=510]Jagjeet Singh Ahluwalia do Canad\u00e1 ajuda seu amigo a abandonar o cigarro usando EFT por procura\u00e7\u00e3o. Por favor, lembre-se que muitas vezes h\u00e1 necessidade de mais de uma sess\u00e3o de EFT para limpar todos os detritos emocionais subjacentes \u00e0 necessidade de fumar. \u00c0s vezes, como neste caso, o processo se desenrola muito bem e a necessidade habitual desaparece rapidamente.<br \/>\nAbra\u00e7os, Gary<br \/>\n________________________________________<\/p>\n<p>Por Jagjeet Singh Ahluwalia<\/p>\n<p>Oi Gary,<\/p>\n<p>Eu queria compartilhar outra maravilha que vi acontecer, trabalhando com EFT.<\/p>\n<p>Eu tenho um membro da equipe, Ashwani.<br \/>\nEle veio da \u00cdndia para se juntar a minha equipe em Monteral, Canad\u00e1.<\/p>\n<p>Ashwani fumou por cerca de 5 anos e costumava fumar 10 cigarros todos os dias.<br \/>\nEle trouxe um estoque de cigarros da \u00cdndia para uso pr\u00f3prio.<br \/>\nNo entanto, durante uma de nossas conversas ele mostrou a vontade de abandonar este v\u00edcio.<br \/>\nEle, naturalmente, j\u00e1 conhecia EFT, sendo parte da minha equipe \ud83d\ude42 e j\u00e1 tinha usado EFT, mas muito raramente, eu diria.<\/p>\n<p>Ent\u00e3o, quando ele mostrou sua vontade de deixar de fumar eu disse a ele que EFT poderia ajudar nisso.<\/p>\n<p>Ele parecia aberto para a id\u00e9ia e decidiu que assim que acabasse seu estoque de cigarros da \u00cdndia, deixaria de fumar.<\/p>\n<p>No \u00faltimo fim de semana o estoque acabou e ent\u00e3o no dia seguinte, quando est\u00e1vamos no escrit\u00f3rio ele me informou que n\u00e3o tinha fumado por um dia.<br \/>\nMais tarde, quando est\u00e1vamos fazendo uma caminhada ap\u00f3s o almo\u00e7o ele come\u00e7ou a falar sobre o cigarro.<br \/>\nPerguntei-lhe como se sentia. Ele disse que estava muito irritado, irritado a ponto de n\u00e3o ter vontade de falar com ningu\u00e9m.<\/p>\n<p>Ent\u00e3o, assim que esta conversa chegou ao meu radar eu comecei a fazer o EFT por procura\u00e7\u00e3o.<br \/>\nE eu continuei falando com ele.<br \/>\nQual \u00e9 o seu sentimento? Voc\u00ea est\u00e1 a ponto de explodir ou o qu\u00ea ?. Ele disse que sim, \u00e9 o que eu sinto.<\/p>\n<p>Voc\u00ea tem esse desejo de fumar. Ele disse que sim, eu quero fumar &#8230; e eu continuo pensando nisso.<\/p>\n<p>Voc\u00ea n\u00e3o tem vontade de se comunicar com ningu\u00e9m &#8211; n\u00e3o. Ent\u00e3o eu continuei com o tapping por procura\u00e7\u00e3o falando com ele.<\/p>\n<p>Ent\u00e3o eu direcionei a conversa para falar sobre como ele come\u00e7ou a fumar.<\/p>\n<p>Ele descreveu como tudo come\u00e7ou, que ele n\u00e3o tinha tal inten\u00e7\u00e3o, como um de seus amigos o introduziu nesse mundo \u2013 ele at\u00e9 ensinou como fumar &#8211; como ele gostava da sensa\u00e7\u00e3o de fuma\u00e7a e gosto descendo para os pulm\u00f5es e para dentro do corpo.<br \/>\nE ent\u00e3o como ele ficou viciado nisso.<br \/>\nTap, tap, tap &#8230;&#8230; EFT por procura\u00e7\u00e3o durante toda esta conversa.<\/p>\n<p>Eu tamb\u00e9m perguntei se havia qualquer coisa com carga emocional que poderia ter acontecido com ele naquela \u00e9poca, mas ele n\u00e3o conseguia lembrar nada.<\/p>\n<p>Ent\u00e3o eu disse que ele deveria escrever tudo que conversamos e, em seguida, fazer o tapping nesses itens, um por um.<\/p>\n<p>Perguntei-lhe se ele ainda tinha aquele sentimento de raiva e irrita\u00e7\u00e3o.<br \/>\nEle disse que aquilo estava indo e voltando.<br \/>\nIsso me mostrou que algo j\u00e1 estava se movendo.<\/p>\n<p>De repente eu tive um estalo, as palavras vieram para mim e eu disse que ele tamb\u00e9m deveria fazer o tapping em &#8220;Mesmo que eu tenha esses sintomas de abstin\u00eancia &#8230;&#8221;<br \/>\nEnt\u00e3o ele escreveu e come\u00e7ou a fazer EFT e eu continuei com o tapping por procura\u00e7\u00e3o.<\/p>\n<p>Eu tamb\u00e9m fui em frente e disse-lhe para fazer o tapping em &#8220;Mesmo que meu sistema tenha este padr\u00e3o e a necessidade de fumar que est\u00e1 armazenada em algum lugar &#8230;.&#8221;<br \/>\nEnt\u00e3o n\u00f3s terminamos nossa conversa e a sess\u00e3o de tapping por procura\u00e7\u00e3o.<\/p>\n<p>Quando est\u00e1vamos saindo do escrit\u00f3rio, pedi-lhe para n\u00e3o esquecer de escrever e fazer o tapping.<\/p>\n<p>No dia seguinte &#8211; perguntei a Ashwani se ele escreveu e fez o tapping.<\/p>\n<p>Ele realmente parecia bastante feliz e animado em compara\u00e7\u00e3o com o dia anterior.<br \/>\nEle me informou que escreveu algumas coisas, mas n\u00e3o precisou fazer EFT.<\/p>\n<p>Na verdade ele n\u00e3o estava tendo qualquer compuls\u00e3o, mesmo quando o companheiro de quarto onde ele est\u00e1 hospedado foi fumar na frente dele.<\/p>\n<p>Ele disse que a necessidade \/ \u00e2nsia foi embora e ele n\u00e3o sentia a raiva nem irrita\u00e7\u00e3o desde ontem.<\/p>\n<p>Eu falei sobre EFT por procura\u00e7\u00e3o e ele disse \u201coh sim!\u201d<br \/>\nEu realmente n\u00e3o sei o quanto ele acreditava nisso, mas ele estava agradecido.<\/p>\n<p>Ent\u00e3o, obrigado mais uma vez a EFT.<br \/>\nCumprimentos,<br \/>\nJagjeet Singh Ahluwalia<\/p>\n<p>PS: Eu escrevi este e-mail, mas fiquei atento para ter certeza dos resultados.<br \/>\nTr\u00eas semanas depois fiz o follow-up com Ashwani.<br \/>\nEle n\u00e3o tem qualquer desejo de fumar e ele tamb\u00e9m informou-me que tinha feito algumas tentativas anteriores para deixar de fumar, mas nos poucos dias em que ele ficou sem cigarro, era muito dif\u00edcil e o cigarro n\u00e3o sa\u00eda da cabe\u00e7a e, claro, ele sempre acabava voltando a fumar.<br \/>\nMas desta vez foi diferente; o desejo n\u00e3o est\u00e1 l\u00e1 mais e ele continuava morando com algu\u00e9m que fuma, de forma que a motiva\u00e7\u00e3o para fumar ainda est\u00e1 l\u00e1 com todo o cheiro de fuma\u00e7a e cigarro em torno dele.<br \/>\nEle de fato fez o download e est\u00e1 estudando o manual de EFT e em seu caminho para come\u00e7ar a usar o m\u00e9todo em outras coisas &#8211; ele est\u00e1 viciado em EFT agora :-).<br \/>\nJagjeet Singh Ahluwalia<\/p>\n<p>_________________<br \/>\nTradu\u00e7\u00e3o e adapta\u00e7\u00e3o por Mizuji Kajii<br \/>\nFonte: emofree.com<\/p>\n<p>&nbsp;<\/p>\n<p><a href=\"http:\/\/mizuji.com.br\/dv\/curso-eft-por-procuracao\/\"><img data-recalc-dims=\"1\" fetchpriority=\"high\" decoding=\"async\" data-attachment-id=\"506\" data-permalink=\"https:\/\/mizuji.com.br\/fluir\/especialista-em-dores-cronicas-relaciona-dores-e-emocoes-nao-resolvidas\/eft-por-procuracao-elimina-o-vicio-do-cigarro\/attachment\/screenhunter_3630-feb-09-16-26\/#main\" data-orig-file=\"https:\/\/i0.wp.com\/mizuji.com.br\/fluir\/wp-content\/uploads\/2017\/02\/ScreenHunter_3630-Feb.-09-16.26.jpg?fit=1227%2C273&amp;ssl=1\" data-orig-size=\"1227,273\" data-comments-opened=\"1\" data-image-meta=\"{&quot;aperture&quot;:&quot;0&quot;,&quot;credit&quot;:&quot;&quot;,&quot;camera&quot;:&quot;&quot;,&quot;caption&quot;:&quot;&quot;,&quot;created_timestamp&quot;:&quot;0&quot;,&quot;copyright&quot;:&quot;&quot;,&quot;focal_length&quot;:&quot;0&quot;,&quot;iso&quot;:&quot;0&quot;,&quot;shutter_speed&quot;:&quot;0&quot;,&quot;title&quot;:&quot;&quot;,&quot;orientation&quot;:&quot;0&quot;}\" data-image-title=\"screenhunter_3630-feb-09-16-26\" data-image-description=\"\" data-image-caption=\"\" data-medium-file=\"https:\/\/i0.wp.com\/mizuji.com.br\/fluir\/wp-content\/uploads\/2017\/02\/ScreenHunter_3630-Feb.-09-16.26.jpg?fit=300%2C67&amp;ssl=1\" data-large-file=\"https:\/\/i0.wp.com\/mizuji.com.br\/fluir\/wp-content\/uploads\/2017\/02\/ScreenHunter_3630-Feb.-09-16.26.jpg?fit=1024%2C228&amp;ssl=1\" class=\"alignnone wp-image-506\" src=\"https:\/\/i0.wp.com\/mizuji.com.br\/fluir\/wp-content\/uploads\/2017\/02\/ScreenHunter_3630-Feb.-09-16.26-300x67.jpg?resize=672%2C150\" alt=\"screenhunter_3630-feb-09-16-26\" width=\"672\" height=\"150\" srcset=\"https:\/\/i0.wp.com\/mizuji.com.br\/fluir\/wp-content\/uploads\/2017\/02\/ScreenHunter_3630-Feb.-09-16.26.jpg?resize=300%2C67&amp;ssl=1 300w, https:\/\/i0.wp.com\/mizuji.com.br\/fluir\/wp-content\/uploads\/2017\/02\/ScreenHunter_3630-Feb.-09-16.26.jpg?resize=768%2C171&amp;ssl=1 768w, https:\/\/i0.wp.com\/mizuji.com.br\/fluir\/wp-content\/uploads\/2017\/02\/ScreenHunter_3630-Feb.-09-16.26.jpg?resize=1024%2C228&amp;ssl=1 1024w, https:\/\/i0.wp.com\/mizuji.com.br\/fluir\/wp-content\/uploads\/2017\/02\/ScreenHunter_3630-Feb.-09-16.26.jpg?w=1227&amp;ssl=1 1227w\" sizes=\"(max-width: 672px) 100vw, 672px\" \/><\/a><\/p>\n","protected":false},"excerpt":{"rendered":"<p>[easy-notify id=510]Jagjeet Singh Ahluwalia do Canad\u00e1 ajuda seu amigo a abandonar o cigarro usando EFT por procura\u00e7\u00e3o. Por favor, lembre-se que muitas vezes h\u00e1 necessidade de mais de uma sess\u00e3o de EFT para limpar todos os detritos emocionais subjacentes \u00e0 necessidade de fumar. \u00c0s vezes, como neste caso, o processo se desenrola muito bem e &#8230; <a title=\"EFT por procura\u00e7\u00e3o elimina o v\u00edcio do cigarro\" class=\"read-more\" href=\"https:\/\/mizuji.com.br\/fluir\/especialista-em-dores-cronicas-relaciona-dores-e-emocoes-nao-resolvidas\/eft-por-procuracao-elimina-o-vicio-do-cigarro\/\" aria-label=\"Read more about EFT por procura\u00e7\u00e3o elimina o v\u00edcio do cigarro\">Ler mais<\/a><\/p>\n","protected":false},"author":1,"featured_media":502,"parent":433,"menu_order":0,"comment_status":"open","ping_status":"closed","template":"","meta":{"_exactmetrics_skip_tracking":false,"_exactmetrics_sitenote_active":false,"_exactmetrics_sitenote_note":"","_exactmetrics_sitenote_category":0,"jetpack_post_was_ever_published":false,"footnotes":""},"class_list":["post-498","page","type-page","status-publish","has-post-thumbnail"],"jetpack_sharing_enabled":true,"jetpack_shortlink":"https:\/\/wp.me\/P6NN1R-82","jetpack-related-posts":[],"_links":{"self":[{"href":"https:\/\/mizuji.com.br\/fluir\/wp-json\/wp\/v2\/pages\/498","targetHints":{"allow":["GET"]}}],"collection":[{"href":"https:\/\/mizuji.com.br\/fluir\/wp-json\/wp\/v2\/pages"}],"about":[{"href":"https:\/\/mizuji.com.br\/fluir\/wp-json\/wp\/v2\/types\/page"}],"author":[{"embeddable":true,"href":"https:\/\/mizuji.com.br\/fluir\/wp-json\/wp\/v2\/users\/1"}],"replies":[{"embeddable":true,"href":"https:\/\/mizuji.com.br\/fluir\/wp-json\/wp\/v2\/comments?post=498"}],"version-history":[{"count":0,"href":"https:\/\/mizuji.com.br\/fluir\/wp-json\/wp\/v2\/pages\/498\/revisions"}],"up":[{"embeddable":true,"href":"https:\/\/mizuji.com.br\/fluir\/wp-json\/wp\/v2\/pages\/433"}],"wp:featuredmedia":[{"embeddable":true,"href":"https:\/\/mizuji.com.br\/fluir\/wp-json\/wp\/v2\/media\/502"}],"wp:attachment":[{"href":"https:\/\/mizuji.com.br\/fluir\/wp-json\/wp\/v2\/media?parent=498"}],"curies":[{"name":"wp","href":"https:\/\/api.w.org\/{rel}","templated":true}]}}